d 8910?
110
What is the greatest common divisor of 568785 and 315?
105
Calculate the highest common divisor of 67974 and 60.
6
Calculate the highest common factor of 10054 and 2530.
22
Calculate the greatest common divisor of 81 and 183.
3
Calculate the greatest common factor of 18938 and 442.
34
What is the greatest common factor of 1208 and 1579913?
151
Calculate the greatest common divisor of 63 and 65632.
7
Calculate the greatest common factor of 480 and 472.
8
Calculate the greatest common factor of 228 and 1982156.
76
What is the greatest common factor of 2478 and 43070?
118
Calculate the highest common factor of 25312 and 896.
224
What is the highest common factor of 8395 and 7765?
5
What is the greatest common divisor of 184 and 131?
1
What is the greatest common divisor of 29 and 721897?
29
Calculate the greatest common divisor of 228 and 22852212.
228
What is the greatest common divisor of 538758 and 54?
54
Calculate the highest common factor of 74263 and 9373.
721
What is the highest common divisor of 4309 and 695?
139
Calculate the greatest common divisor of 270691 and 17.
17
Calculate the highest common factor of 198693 and 1296.
81
What is the highest common factor of 313171 and 203?
29
Calculate the greatest common factor of 1075522 and 21.
7
Calculate the greatest common factor of 309533 and 49.
49
What is the greatest common factor of 227 and 165029?
227
Calculate the greatest common divisor of 594 and 473550.
66
What is the highest common divisor of 58077 and 478?
239
What is the highest common factor of 357 and 78421?
119
Calculate the greatest common factor of 96 and 8891136.
96
Calculate the greatest common factor of 114672 and 48.
48
What is the greatest common factor of 255 and 8585?
85
Calculate the highest common divisor of 518 and 6986.
14
Calculate the highest common factor of 5928 and 22872.
24
What is the highest common divisor of 100 and 1525?
25
Calculate the greatest common factor of 354 and 58866.
6
Calculate the highest common factor of 2460339 and 9.
9
What is the greatest common factor of 452 and 881852?
452
Calculate the highest common factor of 810 and 760.
10
Calculate the greatest common divisor of 1841 and 1967.
7
What is the highest common factor of 721359 and 27?
27
What is the greatest common factor of 224 and 630434?
14
What is the highest common factor of 57940 and 45?
5
Calculate the highest common factor of 56802 and 18.
6
Calculate the greatest common divisor of 18281 and 1717.
101
Calculate the highest common divisor of 164 and 395035.
41
What is the highest common divisor of 11774 and 2954?
14
What is the highest common divisor of 40 and 4918?
2
Calculate the highest common factor of 5872206 and 131.
131
What is the greatest common divisor of 208 and 97424?
16
Calculate the greatest common factor of 2158 and 16120.
26
What is the greatest common factor of 1188 and 55638?
198
Calculate the greatest common divisor of 36 and 353148.
12
What is the highest common divisor of 17030 and 104276?
262
What is the greatest common factor of 6728436 and 39?
39
Calculate the highest common factor of 321471 and 828.
207
Calculate the greatest common divisor of 169953 and 63.
21
What is the greatest common divisor of 289 and 7905?
17
What is the greatest common factor of 270 and 1460?
10
Calculate the greatest common divisor of 176 and 687500.
44
What is the highest common factor of 35504 and 140?
28
Calculate the highest common divisor of 1464476 and 52.
52
What is the highest common divisor of 2690 and 230?
10
Calculate the greatest common factor of 189 and 222936.
21
Calculate the highest common divisor of 3652545 and 75.
15
Calculate the greatest common factor of 214693 and 2076.
173
What is the highest common divisor of 2755220 and 208?
52
What is the highest common factor of 4018 and 1134?
14
Calculate the greatest common divisor of 6 and 112836.
6
Calculate the greatest common divisor of 97290 and 423.
423
What is the greatest common factor of 3531 and 25359?
321
Calculate the highest common factor of 189 and 21753.
9
What is the highest common factor of 31588 and 24?
4
What is the highest common divisor of 238 and 173054?
14
Calculate the greatest common divisor of 848122 and 418.
418
Calculate the highest common divisor of 164 and 77654.
82
What is the greatest common factor of 10 and 268270?
10
What is the greatest common divisor of 9546 and 1161?
129
Calculate the greatest common factor of 344 and 18404.
172
What is the greatest common divisor of 6982803 and 53?
53
Calculate the highest common divisor of 217 and 21173.
31
What is the greatest common divisor of 774 and 194274?
774
What is the greatest common divisor of 109046 and 21?
7
Calculate the highest common divisor of 50168 and 8.
8
What is the highest common factor of 3537 and 108?
27
What is the greatest common divisor of 260 and 7800?
260
Calculate the highest common divisor of 175316 and 656.
164
Calculate the highest common divisor of 207 and 33373.
23
What is the highest common factor of 15 and 6499905?
15
Calculate the greatest common divisor of 53784 and 3486.
498
What is the highest common factor of 321201 and 34887?
1203
Calculate the greatest common divisor of 219356 and 1972.
116
What is the highest common factor of 13253 and 281512?
457
Calculate the highest common factor of 291451 and 1895.
379
What is the highest common divisor of 727928 and 152?
152
Calculate the highest common factor of 12170 and 20.
10
What is the greatest common factor of 90 and 2094?
6
Calculate the highest common divisor of 180 and 927160.
20
What is the greatest common divisor of 21 and 5817?
21
Calculate the greatest common factor of 141717 and 487.
487
What is the highest common divisor of 34 and 200549?
17
What is the highest common divisor of 97747 and 657?
73
What is the highest common factor of 2768 and 35119?
173
Calculate the highest common factor of 53730 and 80.
10
What is the highest common divisor of 35306 and 4170?
278
Calculate the greatest common factor of 13359 and 8760.
219
Calculate the greatest common factor of 1802 and 20087.
53
What is the greatest common divisor of 2915 and 2491?
53
Calculate the greatest common factor of 960498 and 21.
21
Calculate the highest common factor of 518 and 15932.
14
Calculate the greatest common divisor of 74 and 1004254.
74
What is the highest common factor of 43356 and 36?
12
What is the highest common factor of 43052 and 752?
188
What is the highest common factor of 31262 and 348?
58
Calculate the highest common factor of 2748 and 32.
4
Calculate the highest common factor of 221 and 598.
13
Calculate the highest common factor of 3038 and 3626.
98
What is the highest common divisor of 404116 and 124?
124
What is the highest common factor of 108780 and 6076?
196
Calculate the greatest common factor of 109000 and 654.
218
What is the greatest common divisor of 288 and 78768?
144
What is the highest common factor of 16 and 118666?
2
Calculate the highest common factor of 177485 and 63.
7
Calculate the greatest common factor of 125968 and 112.
16
Calculate the greatest common divisor of 1960 and 4040.
40
Calculate the greatest common divisor of 234 and 1308.
6
Calculate the highest common divisor of 37821 and 273.
21
Calculate the highest common divisor of 696 and 687300.
348
What is the greatest common divisor of 1155944 and 524?
524
Calculate the greatest common divisor of 29105 and 5.
5
What is the highest common factor of 49776 and 48144?
816
Calculate the highest common factor of 414 and 100809.
207
Calculate the greatest common factor of 15914 and 872.
218
What is the greatest common divisor of 16351 and 788?
197
What is the greatest common factor of 33821 and 6293?
31
Calculate the highest common divisor of 288 and 53304.
24
What is the greatest common divisor of 103392 and 216?
72
Calculate the greatest common factor of 1482 and 2106.
78
What is the highest common divisor of 977246 and 76?
38
What is the greatest common factor of 21158 and 994?
142
What is the highest common divisor of 494 and 180614?
38
Calculate the greatest common factor of 24 and 381792.
24
What is the highest common factor of 963230 and 20?
10
What is the highest common divisor of 37896 and 96?
24
Calculate the greatest 